{"id":3,"date":"2025-06-26T12:07:24","date_gmt":"2025-06-26T12:07:24","guid":{"rendered":"https:\/\/obrt-lala.hr\/?page_id=3"},"modified":"2026-01-29T18:27:16","modified_gmt":"2026-01-29T16:27:16","slug":"https-obrt-lala-hr-opca-pravila-privatnosti","status":"publish","type":"page","link":"https:\/\/obrt-lala.hr\/?page_id=3","title":{"rendered":"Op\u0107a pravila poslovanja"},"content":{"rendered":"\t\t<div data-elementor-type=\"wp-page\" data-elementor-id=\"3\" class=\"elementor elementor-3\">\n\t\t\t\t<div class=\"elementor-element elementor-element-293b1a5 e-flex e-con-boxed e-con e-parent\" data-id=\"293b1a5\" data-element_type=\"container\">\n\t\t\t\t\t<div class=\"e-con-inner\">\n\t\t\t\t<div class=\"elementor-element elementor-element-f5ce82e elementor-widget elementor-widget-heading\" data-id=\"f5ce82e\" data-element_type=\"widget\" data-widget_type=\"heading.default\">\n\t\t\t\t<div class=\"elementor-widget-container\">\n\t\t\t\t\t<h2 class=\"elementor-heading-title elementor-size-default\">Op\u0107a pravila poslovanja<br>\n<\/h2>\t\t\t\t<\/div>\n\t\t\t\t<\/div>\n\t\t\t\t\t<\/div>\n\t\t\t\t<\/div>\n\t\t<div class=\"elementor-element elementor-element-3069a7c1 e-flex e-con-boxed e-con e-parent\" data-id=\"3069a7c1\" data-element_type=\"container\">\n\t\t\t\t\t<div class=\"e-con-inner\">\n\t\t\t\t<div class=\"elementor-element elementor-element-6d3d8448 elementor-widget elementor-widget-text-editor\" data-id=\"6d3d8448\" data-element_type=\"widget\" data-widget_type=\"text-editor.default\">\n\t\t\t\t<div class=\"elementor-widget-container\">\n\t\t\t\t\t\t\t\t\t<p>Logopedski kabinet za djecu u Rijeci<\/p><div>\u00a0<\/div><p>Termin logopedske terapije, procjene i\/ili savjetovanja mo\u017eete besplatno otkazati do 24 sata prije odr\u017eavanja istog, u suprotnom se napla\u0107uje punom cijenom zakazanog sata. Neopravdano propu\u0161tanje termina 2 puta u kontinuitetu, odnosno 3 puta u diskontinuitetu, isto kao i u\u010destala ka\u0161njenja u dolascima na termin i\/ili po dijete nakon zavr\u0161etka terapijskog sata, daju pravo <b>logopedskom kabinetu \u201eLALA\u201c<\/b> da jednostrano otka\u017ee pru\u017eanje usluga djetetu.<\/p><p>\u00a0<\/p><p>\u00a0<\/p><p>Ukoliko se ne do\u0111e na vrijeme na dogovoreni termin, zadr\u017eavamo pravo neprodu\u017eavanja termina radi unaprijed utvr\u0111enog rasporeda. Na kraju terapijskog sata (5 minuta prije isteka istog) roditelji \u0107e ukratko biti informirani o odra\u0111enim aktivnostima i\/ili zadacima te savjetovani kako iste nastaviti poticati kod ku\u0107e.<\/p><p>Dolazak na dogovoreni termin obavezan je 5 minuta prije zakazanog termina, a nakon zavr\u0161etka, roditelji i djeca du\u017eni su napustiti prostorije kabineta.<\/p><p>\u00a0<\/p><p>Preuranjeni dolazak na termin i\/ili zadr\u017eavanje u prostorijama kabineta po zavr\u0161etku istog nije dozvoljeno.\u00a0<\/p><ol><li>Zabranjeno je telefoniranje unutar prostorija kabineta.<\/li><li>Logoped zadr\u017eava pravo odluke o prisustvu roditelja cijelom dijagnosti\u010dkom procesu i\/ili terapijskom satu uzimaju\u0107i u obzir ciljeve sata, pravila struke te potrebe i mogu\u0107nosti pojedinog djeteta.<\/li><li>Roditelji koji na bilo koji na\u010din ometaju provo\u0111enje procjene i\/ili terapije te rad terapeuta i djeteta, bit \u0107e zamoljeni da napuste prostorije kabineta kako bi se o\u010duvala kvaliteta i vjerodostojnost<a href=\"https:\/\/logoped.hr\/\" target=\"_blank\" rel=\"noopener\"> logopedskog rada.<\/a><\/li><\/ol><p>\u00a0<\/p><p>Rad s djecom s komunikacijskim i\/ili jezi\u010dno \u2013 govornim te\u0161ko\u0107ama zahtijeva mir, ti\u0161inu i potpunu usredoto\u010denost i djeteta i terapeuta, stoga Vas molimo da se ne zadr\u017eavate vi\u0161e od potrebnog u prostorijama kabineta kako ne biste ometali pa\u017enju i koncentraciju djeteta i\/ili ga posebno dodatno opteretili te time smanjili kvalitetu logopedske terapije i usporili djetetovo u\u010denje i napredovanje.<\/p><p>\u00a0<\/p><p>Logopedsko savjetovanje provodi se za roditelje djece koja nisu direktno uklju\u010dena u logopedsku terapiju, na temelju informacija i opisa te\u0161ko\u0107a dobivenih od roditelja, a ne temeljem opservacije i procjene djeteta, stoga Vas molimo da na savjetovanja dolazite bez pratnje djece, budu\u0107i da su savjeti i smjernice upu\u0107eni Vama, a ne Va\u0161oj djeci. Ako \u017eelite sa sigurno\u0161\u0107u dobiti uvid u djetetove te\u0161ko\u0107e i mogu\u0107nosti, molimo Vas da naru\u010dite Va\u0161e dijete na logopedsku procjenu.<\/p><p>Logopedska procjena provest \u0107e se u slu\u010dajevima kada: dijete nije nikada poha\u0111alo logopedsku terapiju, prethodni nalaz je stariji od 9 mjeseci i\/ili ne sadr\u017ei relevantne informacije o djetetovim trenutnim sposobnostima.<\/p><p>\u00a0<\/p><p>Ako imate va\u017ee\u0107e logopedske nalaze molimo da prilo\u017eite kopiju, a u svrhu boljeg razumijevanja stanja i funkcioniranja Va\u0161eg djeteta te stvaranja razvojnog profila, prije uklju\u010divanja u logopedsku terapiju, logoped \u0107e s Vama obaviti informativni razgovor te Vam dati da ispunite anamnesti\u010dki upitnik.<\/p><p>Molimo Vas da na procjeni, razgovoru i\/ili pri predaji upitnika, ili \u0161to prije naknadno, osim logopedskog, prilo\u017eite i kopije ostalih nalaza, (edukacijski rehabilitator, psiholog, audiolog, radni terapeut, fizijatar, neuropedijatar, itd.), ako ih posjedujete.<\/p><p>\u00a0<\/p><p>Tako\u0111er, ako dijete poha\u0111a vrti\u0107, molimo Vas da u najkra\u0107em mogu\u0107em roku zatra\u017eite i dostavite mi\u0161ljenje stru\u010dnog tima vrti\u0107a (logoped, psiholog, edukacijski rehabilitator) i djetetovih odgajatelja. Ako se radi o \u0161kolskom djetetu, isto molimo da dostavite mi\u0161ljenje stru\u010dnog tima \u0161kole i djetetovog nastavnika (ako se radi o djetetu od 1. do 4. razreda) ili u\u010ditelja \u2013 razrednika (ako se radi o djetetu od 5. razreda i starije).<\/p><p>\u00a0<\/p><p>Razlozi za postavljanje op\u0107ih pravila poslovanja le\u017ee u iskustvenoj \u010dinjenici da dijete ne mo\u017ee adekvatno napredovati u radu s terapeutom ukoliko na svoje dogovorene terapijske sate dolazi diskontinuirano i s vremenskim razmacima protivnim pravilima struke.<\/p><ol><li>Diskontinuitet u poha\u0111anju terapije, odnosno neopravdani izostanci (sve osim bolesti) pokazuju da djetetovi roditelji ili skrbnici nedovoljno ozbiljno shva\u0107aju djetetove pote\u0161ko\u0107e.<\/li><li>Diskontinuirano poha\u0111anje terapije smanjuje rezultate logopedskog rada te produ\u017eava trajanje terapije.\u00a0<\/li><\/ol><p>\u00a0<\/p><p>Osim redovitog poha\u0111anja logopedske terapije, izniman naglasak stavljamo i na redoviti rad kod ku\u0107e prema uputama, smjernicama i savjetima logopeda, jer ono \u0161to dijete u\u010di na terapijskim satima, ne mo\u017ee biti u potpunosti savladano i usvojeno ako se ne ponavlja i ne prakticira u svakodnevnim \u017eivotnim situacijama i aktivnostima, stoga odgovornost roditelja, osim u redovnom dovo\u0111enju djeteta na logopedsku terapiju, le\u017ei i u primjenjivanju znanja i vje\u0161tina ste\u010denih na istoj u djetetovim i svojim svakodnevnim rutinama i ritualima.<\/p><p>\u00a0<\/p><p>Unaprijed se zahvaljujemo na ukazanom povjerenju te prihva\u0107anju i po\u0161tivanju op\u0107ih pravila poslovanja.<\/p><p><a href=\"https:\/\/obrt-lala.hr\/\"><b>Logopedski kabinet LALA<\/b><\/a><\/p>\t\t\t\t\t\t\t\t<\/div>\n\t\t\t\t<\/div>\n\t\t\t\t\t<\/div>\n\t\t\t\t<\/div>\n\t\t<div class=\"elementor-element elementor-element-636ef6f e-flex e-con-boxed e-con e-parent\" data-id=\"636ef6f\" data-element_type=\"container\">\n\t\t\t\t\t<div class=\"e-con-inner\">\n\t\t\t\t<div class=\"elementor-element elementor-element-401e610 elementor-widget elementor-widget-image\" data-id=\"401e610\" data-element_type=\"widget\" data-widget_type=\"image.default\">\n\t\t\t\t<div class=\"elementor-widget-container\">\n\t\t\t\t\t\t\t\t\t\t\t\t\t\t\t<img fetchpriority=\"high\" decoding=\"async\" width=\"740\" height=\"416\" src=\"https:\/\/obrt-lala.hr\/wp-content\/uploads\/2025\/09\/lala13-1024x576.png\" class=\"attachment-large size-large wp-image-3667\" alt=\"Logopedski kabinet za djecu u Rijeci.\" srcset=\"https:\/\/obrt-lala.hr\/wp-content\/uploads\/2025\/09\/lala13-1024x576.png 1024w, https:\/\/obrt-lala.hr\/wp-content\/uploads\/2025\/09\/lala13-300x169.png 300w, https:\/\/obrt-lala.hr\/wp-content\/uploads\/2025\/09\/lala13-768x432.png 768w, https:\/\/obrt-lala.hr\/wp-content\/uploads\/2025\/09\/lala13-1536x864.png 1536w, https:\/\/obrt-lala.hr\/wp-content\/uploads\/2025\/09\/lala13-scaled-e1758541338969.png 2048w\" sizes=\"(max-width: 740px) 100vw, 740px\" \/>\t\t\t\t\t\t\t\t\t\t\t\t\t\t\t<\/div>\n\t\t\t\t<\/div>\n\t\t\t\t\t<\/div>\n\t\t\t\t<\/div>\n\t\t\t\t<\/div>\n\t\t","protected":false},"excerpt":{"rendered":"<p>Op\u0107a pravila poslovanja Logopedski kabinet za djecu u Rijeci \u00a0 Termin logopedske terapije, procjene i\/ili savjetovanja mo\u017eete besplatno otkazati do 24 sata prije odr\u017eavanja istog, u suprotnom se napla\u0107uje punom cijenom zakazanog sata. Neopravdano propu\u0161tanje termina 2 puta u kontinuitetu, odnosno 3 puta u diskontinuitetu, isto kao i u\u010destala ka\u0161njenja u dolascima na termin i\/ili<\/p>\n","protected":false},"author":1,"featured_media":0,"parent":0,"menu_order":0,"comment_status":"closed","ping_status":"closed","template":"","meta":{"pagelayer_contact_templates":[],"_pagelayer_content":"","inline_featured_image":false,"footnotes":""},"class_list":["post-3","page","type-page","status-publish","hentry"],"yoast_head":"<!-- This site is optimized with the Yoast SEO plugin v25.4 - https:\/\/yoast.com\/wordpress\/plugins\/seo\/ -->\n<title>Op\u0107a pravila poslovanja - Logopedski kabinet LALA - Rijeka<\/title>\n<meta name=\"description\" content=\"Logopedski kabinet Lala u Rijeci \u2013 individualna logopedska terapija za djecu. Pomo\u0107 kod govora, jezika i izgovora. Naru\u010dite termin.\" \/>\n<meta name=\"robots\" content=\"index, follow, max-snippet:-1, max-image-preview:large, max-video-preview:-1\" \/>\n<link rel=\"canonical\" href=\"https:\/\/obrt-lala.hr\/?page_id=3\" \/>\n<meta property=\"og:locale\" content=\"hr_HR\" \/>\n<meta property=\"og:type\" content=\"article\" \/>\n<meta property=\"og:title\" content=\"Logopedski kabinet za djecu u Rijeci\" \/>\n<meta property=\"og:description\" content=\"Logopedski kabinet\" \/>\n<meta property=\"og:url\" content=\"https:\/\/obrt-lala.hr\/?page_id=3\" \/>\n<meta property=\"og:site_name\" content=\"Logopedski kabinet Lala\" \/>\n<meta property=\"article:modified_time\" content=\"2026-01-29T16:27:16+00:00\" \/>\n<meta property=\"og:image\" content=\"https:\/\/obrt-lala.hr\/wp-content\/uploads\/2025\/09\/20-1024x576.png\" \/>\n\t<meta property=\"og:image:width\" content=\"1024\" \/>\n\t<meta property=\"og:image:height\" content=\"576\" \/>\n\t<meta property=\"og:image:type\" content=\"image\/png\" \/>\n<meta name=\"twitter:card\" content=\"summary_large_image\" \/>\n<meta name=\"twitter:title\" content=\"Logopedski kabinet za djecu u Rijeci\" \/>\n<meta name=\"twitter:description\" content=\"Logopedski kabinet za djecu u Rijeci. Procjena i terapija govora, savjetovanje roditelja i individualni pristup. Naru\u010dite termin.\" \/>\n<meta name=\"twitter:image\" content=\"https:\/\/obrt-lala.hr\/wp-content\/uploads\/2025\/09\/26-1-scaled-e1758542554156.png\" \/>\n<meta name=\"twitter:label1\" content=\"Procijenjeno vrijeme \u010ditanja\" \/>\n\t<meta name=\"twitter:data1\" content=\"4 minute\" \/>\n<!-- \/ Yoast SEO plugin. -->","yoast_head_json":{"title":"Op\u0107a pravila poslovanja - Logopedski kabinet LALA - Rijeka","description":"Logopedski kabinet Lala u Rijeci \u2013 individualna logopedska terapija za djecu. Pomo\u0107 kod govora, jezika i izgovora. Naru\u010dite termin.","robots":{"index":"index","follow":"follow","max-snippet":"max-snippet:-1","max-image-preview":"max-image-preview:large","max-video-preview":"max-video-preview:-1"},"canonical":"https:\/\/obrt-lala.hr\/?page_id=3","og_locale":"hr_HR","og_type":"article","og_title":"Logopedski kabinet za djecu u Rijeci","og_description":"Logopedski kabinet","og_url":"https:\/\/obrt-lala.hr\/?page_id=3","og_site_name":"Logopedski kabinet Lala","article_modified_time":"2026-01-29T16:27:16+00:00","og_image":[{"width":1024,"height":576,"url":"https:\/\/obrt-lala.hr\/wp-content\/uploads\/2025\/09\/20-1024x576.png","type":"image\/png"}],"twitter_card":"summary_large_image","twitter_title":"Logopedski kabinet za djecu u Rijeci","twitter_description":"Logopedski kabinet za djecu u Rijeci. Procjena i terapija govora, savjetovanje roditelja i individualni pristup. Naru\u010dite termin.","twitter_image":"https:\/\/obrt-lala.hr\/wp-content\/uploads\/2025\/09\/26-1-scaled-e1758542554156.png","twitter_misc":{"Procijenjeno vrijeme \u010ditanja":"4 minute"},"schema":{"@context":"https:\/\/schema.org","@graph":[{"@type":"WebPage","@id":"https:\/\/obrt-lala.hr\/?page_id=3","url":"https:\/\/obrt-lala.hr\/?page_id=3","name":"Op\u0107a pravila poslovanja - Logopedski kabinet LALA - Rijeka","isPartOf":{"@id":"https:\/\/obrt-lala.hr\/#website"},"primaryImageOfPage":{"@id":"https:\/\/obrt-lala.hr\/?page_id=3#primaryimage"},"image":{"@id":"https:\/\/obrt-lala.hr\/?page_id=3#primaryimage"},"thumbnailUrl":"https:\/\/obrt-lala.hr\/wp-content\/uploads\/2025\/09\/lala13-1024x576.png","datePublished":"2025-06-26T12:07:24+00:00","dateModified":"2026-01-29T16:27:16+00:00","description":"Logopedski kabinet Lala u Rijeci \u2013 individualna logopedska terapija za djecu. Pomo\u0107 kod govora, jezika i izgovora. Naru\u010dite termin.","breadcrumb":{"@id":"https:\/\/obrt-lala.hr\/?page_id=3#breadcrumb"},"inLanguage":"hr","potentialAction":[{"@type":"ReadAction","target":["https:\/\/obrt-lala.hr\/?page_id=3"]}]},{"@type":"ImageObject","inLanguage":"hr","@id":"https:\/\/obrt-lala.hr\/?page_id=3#primaryimage","url":"https:\/\/obrt-lala.hr\/wp-content\/uploads\/2025\/09\/lala13-scaled-e1758541338969.png","contentUrl":"https:\/\/obrt-lala.hr\/wp-content\/uploads\/2025\/09\/lala13-scaled-e1758541338969.png","width":2048,"height":1152,"caption":"Logoped Rijeka"},{"@type":"BreadcrumbList","@id":"https:\/\/obrt-lala.hr\/?page_id=3#breadcrumb","itemListElement":[{"@type":"ListItem","position":1,"name":"Po\u010detna stranica","item":"https:\/\/obrt-lala.hr\/"},{"@type":"ListItem","position":2,"name":"Op\u0107a pravila poslovanja"}]},{"@type":"WebSite","@id":"https:\/\/obrt-lala.hr\/#website","url":"https:\/\/obrt-lala.hr\/","name":"Obrt Lala","description":"Lala logopedski kabinet","publisher":{"@id":"https:\/\/obrt-lala.hr\/#organization"},"potentialAction":[{"@type":"SearchAction","target":{"@type":"EntryPoint","urlTemplate":"https:\/\/obrt-lala.hr\/?s={search_term_string}"},"query-input":{"@type":"PropertyValueSpecification","valueRequired":true,"valueName":"search_term_string"}}],"inLanguage":"hr"},{"@type":"Organization","@id":"https:\/\/obrt-lala.hr\/#organization","name":"Obrt Lala","url":"https:\/\/obrt-lala.hr\/","logo":{"@type":"ImageObject","inLanguage":"hr","@id":"https:\/\/obrt-lala.hr\/#\/schema\/logo\/image\/","url":"https:\/\/obrt-lala.hr\/wp-content\/uploads\/2025\/06\/cropped-logo-web-mali-01-1-scaled-1.png","contentUrl":"https:\/\/obrt-lala.hr\/wp-content\/uploads\/2025\/06\/cropped-logo-web-mali-01-1-scaled-1.png","width":1515,"height":942,"caption":"Obrt Lala"},"image":{"@id":"https:\/\/obrt-lala.hr\/#\/schema\/logo\/image\/"}}]}},"_links":{"self":[{"href":"https:\/\/obrt-lala.hr\/index.php?rest_route=\/wp\/v2\/pages\/3","targetHints":{"allow":["GET"]}}],"collection":[{"href":"https:\/\/obrt-lala.hr\/index.php?rest_route=\/wp\/v2\/pages"}],"about":[{"href":"https:\/\/obrt-lala.hr\/index.php?rest_route=\/wp\/v2\/types\/page"}],"author":[{"embeddable":true,"href":"https:\/\/obrt-lala.hr\/index.php?rest_route=\/wp\/v2\/users\/1"}],"replies":[{"embeddable":true,"href":"https:\/\/obrt-lala.hr\/index.php?rest_route=%2Fwp%2Fv2%2Fcomments&post=3"}],"version-history":[{"count":56,"href":"https:\/\/obrt-lala.hr\/index.php?rest_route=\/wp\/v2\/pages\/3\/revisions"}],"predecessor-version":[{"id":3828,"href":"https:\/\/obrt-lala.hr\/index.php?rest_route=\/wp\/v2\/pages\/3\/revisions\/3828"}],"wp:attachment":[{"href":"https:\/\/obrt-lala.hr\/index.php?rest_route=%2Fwp%2Fv2%2Fmedia&parent=3"}],"curies":[{"name":"wp","href":"https:\/\/api.w.org\/{rel}","templated":true}]}}